 factors of 121039186?
2, 1123, 53891
List the prime factors of 922171174.
2, 29, 109, 199, 733
List the prime factors of 326123029.
103, 983, 3221
What are the prime factors of 1267840912?
2, 13, 109, 55921
List the prime factors of 65523962.
2, 7, 359, 13037
What are the prime factors of 3786333013?
61, 62071033
List the prime factors of 733353908.
2, 7, 157, 166823
What are the prime factors of 64067226?
2, 3, 373, 28627
List the prime factors of 228496697.
11, 13, 23, 69473
What are the prime factors of 816087929?
816087929
What are the prime factors of 64441844?
2, 19, 847919
List the prime factors of 257776705.
5, 19, 149, 18211
List the prime factors of 640180392.
2, 3, 601, 44383
What are the prime factors of 95937447?
3, 5507, 5807
What are the prime factors of 1920991489?
313, 6137353
What are the prime factors of 179229130?
2, 5, 17, 62017
What are the prime factors of 968690904?
2, 3, 40362121
What are the prime factors of 59851840?
2, 5, 53, 3529
What are the prime factors of 32996724?
2, 3, 137, 20071
What are the prime factors of 2084812266?
2, 3, 347468711
List the prime factors of 125431734.
2, 3, 383, 54583
What are the prime factors of 753148916?
2, 13, 673, 21521
List the prime factors of 65855485.
5, 13171097
What are the prime factors of 39694106?
2, 137, 317, 457
What are the prime factors of 3475244?
2, 29, 29959
What are the prime factors of 4111113112?
2, 31, 16577069
What are the prime factors of 262099306?
2, 7, 23, 41, 19853
What are the prime factors of 12660414?
2, 3, 13, 29, 193
List the prime factors of 46853377.
17, 919, 2999
What are the prime factors of 442743091?
7, 3821, 16553
List the prime factors of 1937869515.
3, 5, 4784863
List the prime factors of 267503797.
11, 4591, 5297
What are the prime factors of 99109308?
2, 3, 8259109
What are the prime factors of 3427448053?
61, 137, 337, 1217
List the prime factors of 156491323.
156491323
List the prime factors of 15345509.
17, 902677
List the prime factors of 481815522.
2, 3, 1303, 20543
List the prime factors of 261047904.
2, 3, 13, 209173
List the prime factors of 49395799.
49395799
What are the prime factors of 1905624952?
2, 7, 11, 59, 52433
List the prime factors of 122327345.
5, 7, 787, 4441
List the prime factors of 127562680.
2, 5, 7, 37, 1759
What are the prime factors of 14137165?
5, 7, 71, 5689
List the prime factors of 972192370.
2, 5, 107, 908591
What are the prime factors of 447359564?
2, 111839891
What are the prime factors of 29244736?
2, 456949
What are the prime factors of 44374200?
2, 3, 5, 13, 5689
List the prime factors of 656140992.
2, 3, 13, 262877
List the prime factors of 90035804.
2, 223, 100937
List the prime factors of 235341235.
5, 29, 55967
List the prime factors of 41386907.
59, 701473
What are the prime factors of 93052549?
23, 4045763
What are the prime factors of 4894487975?
5, 13, 23, 654781
List the prime factors of 716566974.
2, 3, 29, 4118201
List the prime factors of 693141622.
2, 19, 353, 51673
List the prime factors of 992924238.
2, 3, 165487373
List the prime factors of 1197006153.
3, 7, 269, 30271
List the prime factors of 37473647.
23, 107, 15227
What are the prime factors of 289303748?
2, 173, 418069
List the prime factors of 817099080.
2, 3, 5, 7, 107, 9091
What are the prime factors of 141339845?
5, 313, 90313
List the prime factors of 1109894986.
2, 911, 609163
List the prime factors of 946051466.
2, 41, 11537213
What are the prime factors of 2612489152?
2, 7, 13, 607, 739
What are the prime factors of 42646660?
2, 5, 7, 43517
What are the prime factors of 9564084?
2, 3, 29, 9161
What are the prime factors of 47269323?
3, 5252147
List the prime factors of 81729499.
199, 410701
What are the prime factors of 797871132?
2, 3, 17, 1303711
List the prime factors of 49207482.
2, 3, 2733749
What are the prime factors of 2759995667?
11, 13, 151, 127819
List the prime factors of 572198072.
2, 19, 29, 271, 479
What are the prime factors of 386478956?
2, 41, 967, 2437
List the prime factors of 41830165.
5, 13, 37, 17393
List the prime factors of 629872583.
11731, 53693
List the prime factors of 3670740.
2, 3, 5, 20393
What are the prime factors of 2203878486?
2, 3, 173, 311, 6827
List the prime factors of 3176907316.
2, 11, 359, 201121
What are the prime factors of 47626061?
7, 17, 467, 857
List the prime factors of 96664198.
2, 48332099
List the prime factors of 463356324.
2, 3, 12871009
What are the prime factors of 2252685572?
2, 17, 199, 166471
What are the prime factors of 576802054?
2, 29, 59, 73, 2309
List the prime factors of 186055945.
5, 37211189
What are the prime factors of 30241204?
2, 7, 1080043
What are the prime factors of 6721296429?
3, 47, 47668769
List the prime factors of 60544372.
2, 7, 23, 41, 2293
What are the prime factors of 81617543?
7, 211, 55259
What are the prime factors of 61784143?
19, 109, 29833
List the prime factors of 518963496.
2, 3, 21623479
List the prime factors of 164189804.
2, 41047451
List the prime factors of 670672013.
11, 19, 3208957
List the prime factors of 269590519.
11, 1871, 13099
List the prime factors of 801425436.
2, 3, 7, 283, 33713
List the prime factors of 788830007.
7, 112690001
What are the prime factors of 4766557630?
2, 5, 73, 773, 8447
What are the prime factors of 193558522?
2, 257, 376573
List the prime factors of 447004330.
2, 5, 44700433
What are the prime factors of 884464074?
2, 3, 13, 3779761
List the prime factors of 4608213303.
3, 29, 52967969
What are the prime factors of 29584320?
2, 3, 5, 30817
What are the prime factors of 217933579?
23, 29, 326737
What are the prime factors of 98163768?
2, 3, 83, 49279
List the prime factors of 1506488197.
103, 14626099
List the prime factors of 87348438.
2, 3, 59, 233, 353
What are the prime factors of 44440272?
2, 3, 102871
List the prime factors of 56937649.
113, 461, 1093
List the prime factors of 619438677.
3, 11, 13, 1443913
List the prime factors of 43836338.
2, 7, 13, 240859
List the prime factors of 860030130.
2, 3, 5, 97, 479, 617
List the prime factors of 906070690.
2, 5, 7, 12943867
List the prime factors of 517400196.
2, 3, 43116683
List the prime factors of 2653557902.
2, 31, 42799321
What are the prime factors of 1543004855?
5, 7, 6297979
What are the prime factors of 154245898?
2, 77122949
List the prime factors of 1062790201.
11, 96617291
List the prime factors of 184462219.
2099, 87881
List the prime factors of 285411439.
23, 12409193
List the prime factors of 365262.
2, 3, 17, 3581
What are the prime factors of 41083558?
2, 41, 501019
What are the prime factors of 106996594?
2, 5387, 9931
What are the prime factors of 396499259?
13, 43, 113, 6277
What are the prime factors of 19694415?
3, 5, 13, 17, 457
List the prime factors of 97402536.
2, 3, 7, 11, 17569
What are the prime factors of 75038572?
2, 7, 2679949
List the prime factors of 361346187.
3, 120448729
What are the prime factors of 488939832?
2, 3, 6790831
What are the prime factors of 942860539?
1087, 867397
What are the prime factors of 4858743829?
113, 1979, 21727
What are the prime factors of 275020771?
59, 223, 20903
List the prime factors of 1502546663.
73, 677, 30403
What are the prime factors of 2277514680?
2, 3, 5, 7, 2711327
List the prime factors of 276923451.
3, 7, 191, 1409
What are the prime factors of 46890980?
2, 5, 421, 5569
What are the prime factors of 352226169?
3, 67, 263, 2221
List the prime factors of 25868167.
13, 31, 64189
What are the prime factors of 60530203?
211, 286873
List the prime factors of 47827468.
2, 13, 919759
What are the prime factors of 78582875?
5, 7, 89809
List the prime factors of 509423615.
5, 17, 5993219
List the prime factors of 29142707.
11, 419, 6323
List the prime factors of 854061708.
2, 3, 17, 457, 9161
What are the prime factors of 142832166?
2, 3, 23805361
List the prime factors of 478962193.
211, 1229, 1847
What are the prime factors of 74456385?
3, 5, 2213, 2243
List the prime factors of 2565231370.
2, 5, 13, 443, 44543
List the prime factors of 85420973.
11, 197, 39419
What are the prime factors of 2800603409?
17, 164741377
What are the prime factors of 37533604?
2, 787, 11923
List the prime factors of 2228250303.
3, 27509263
List the prime factors of 53205268.
2, 89, 103, 145